= -v**3 + 7*v**2 + 9*v + 6. Let h = 755 + -752. Suppose -3*b + 20 = -u, 34*b - 37*b + 36 = h*u. Determine y(b).
14
Let o(s) be the first derivative of -s**3/3 + 3*s**2 - 2*s - 9. Let v(j) = -5*j - 121 + 111 + 0*j. Let i be v(-3). Give o(i).
3
Suppose -5 = -3*g + 7. Let z(k) = k**3 + 3*k - 2 - 6*k**2 + 2*k - g. Let d be 4 + 7*(-6)/(-42). Calculate z(d).
-6
Suppose 8*i + 756 = f + 4*i, -1539 = -2*f - i. Let n be (1/3)/(32/f). Let d(h) = h - 14. Give d(n).
-6
Let l(w) = 1 + 3 - w + 0*w. Let c = -266 - -272. Suppose 7 = -2*q + 3*i, q - 3*i + c*i = 19. Determine l(q).
0
Let m(r) = 36*r**3 + 14*r**2 + 11 + 29*r - 31*r + 0*r**2. Let z(q) = 24*q**3 + 9*q**2 - q + 7. Let x(k) = 5*m(k) - 8*z(k). Determine x(-1).
11
Let p be (-1524)/24 - (-2)/(-4). Let a be (p/(-10))/(-8)*-10. Let t(v) = -v**3 + 9*v**2 - 3*v + 6. What is t(a)?
46
Suppose 0 = -51*v + 43*v + 16. Let t(u) = -2*u**3 + 2*u - 2*u**3 - 3 - u**2 + 5*u**3 - v*u**3. Calculate t(-3).
9
Let z(j) = j + 20. Let d(n) = 2*n**2 - 274*n - 835. Let m be d(-3). Calculate z(m).
25
Let z(v) be the second derivative of -v**4/12 - v**3/3 - 2*v**2 - v. Let y(r) = 9 - r**2 + 5 - 25 - 5*r + 8. Let b be y(-5). Determine z(b).
-7
Let w(d) = -29*d - 2*d**2 + 96*d + 9 - 20 - d**3 - 35*d - 33*d. Give w(0).
-11
Let p be (-2)/6 - -2*8/(-6). Let m(w) = -14*w + 42. Let j(y) = 7*y - 25. Let s(k) = 7*j(k) + 4*m(k). Determine s(p).
14
Let p(k) = 203*k - 824. Let c be p(4). Let w(t) = t**3 + 14*t**2 + 18*t - 3. Give w(c).
69
Let i(x) be the third derivative of -5*x**4/3 - 323*x**3/6 - 19*x**2 - 2*x. What is i(-8)?
-3
Let n be (246/9 - 2)*-3. Let k = n + 95. Suppose k = -2*m + 15. Let s(i) = -5*i**2 - 2*i + 2. Give s(m).
-14
Suppose 26*u + 166*u + 4680 = -168*u. Let o(d) be the second derivative of -d**5/20 - 13*d**4/12 - d**3/6 - 6*d**2 - 2*d. Calculate o(u).
1
Suppose 2*v + 2*v - 33 = 3*l, l = 3*v - 16. Let s(r) = 8 - 1 - 67*r**2 + 9*r + 68*r**2. Calculate s(l).
-7
Let m(z) = -z**2 + 7*z + 11. Let s = 96 + -78. Suppose 7*y - 5*y = s. Give m(y).
-7
Let x be (15/(-4))/((-9)/24). Let m(u) = 0*u + 3 - 6*u - 17*u**2 - x. Let b(d) = -25*d**2 - 9*d - 10. Let s(c) = 5*b(c) - 7*m(c). Calculate s(-2).
-19
Let t(h) be the first derivative of -h**3/3 + 3*h**2 - 7*h + 1. Suppose 259 + 332 = -3*b. Let s = b + 202. What is t(s)?
-2
Let i(y) = 10*y + 74. Suppose 29*b + 298 = 95. Determine i(b).
4
Let o(a) be the third derivative of -1/24*a**4 + 0 + 0*a + a**2 - 5/6*a**3. Let d be -2*1/(-2) + (-6 - (-1 + -4)). What is o(d)?
-5
Suppose -4*z + 9*z - 910 = 0. Let x be 7/(z/(-65))*(-2)/(-1). Let w(r) = r**2 + 7*r + 7. What is w(x)?
-3
Let r(i) = -i**3 - i - 1. Let j(y) = -y**3 + 6*y**2 - 4*y - 8. Let l(f) = j(f) - 2*r(f). Suppose 0 = -2*x + 35 + 15. Suppose 16*d + 71 = -x. What is l(d)?
6
Let c(j) = -j**2 + 10*j - 12. Let r be 7/((-21)/6) + 4. Let k be 2 - (-5 - (-2 + r)). Let g(i) = -i**3 + 8*i**2 - 7*i + 9. Let o be g(k). Give c(o).
-3
Let m(q) = -5*q**2 + 12*q - 15. Let f(y) = -3*y**2 + 11*y - 15. Suppose 13*p - 2*o = 15*p + 2, 0 = -5*o + 10. Let d(i) = p*f(i) + 2*m(i). Determine d(-11).
-7
Let a(x) = -137*x**2 - 68*x - 53. Let n(h) = 75*h**2 + 35*h + 27. Let s(v) = -6*a(v) - 11*n(v). Give s(11).
-89
Let m(g) = 10*g + 2. Let w(f) = 9*f + 2. Let x(k) = -3*m(k) + 4*w(k). Suppose -15*c - 31 + 1 = 0. Determine x(c).
-10
Let y(f) = f**3 + 6*f**2 - f + 1. Suppose -11*g = 1210 - 1144. Calculate y(g).
7
Let g(z) = 8*z**3 + 2*z**2 - 3*z + 2. Let p(w) = 41*w - 407. Let f(n) = 21*n - 203. Let j(k) = 9*f(k) - 4*p(k). Let u be j(8). Calculate g(u).
9
Let o(z) be the second derivative of -z**5/20 + 5*z**4/6 - z**2/2 - 1486*z. Suppose 0 = l - 6*l + 50. Give o(l).
-1
Let d(y) = y**3 + 49*y**2 - 157*y - 50. Let m be d(-52). Let c(t) be the third derivative of 1/60*t**5 + 0*t + 2/3*t**3 + 0 + 19*t**m + 1/6*t**4. Give c(-3).
1
Let i(y) = y**2 - y. Let m(u) = u**3 + 12*u**2 - 8*u - 7. Let q(x) = -6*i(x) + m(x). Suppose -1901 + 1925 = -4*c. Give q(c).
5
Suppose -8 = -z + 2*z. Let c(h) = -610*h + 736*h - 125*h. Give c(z).
-8
Let i = -1383 + 1379. Let c(h) = h**3 + h**2 - 5*h + 14. What is c(i)?
-14
Let v(h) be the first derivative of -7*h + 1/2*h**2 + 59. What is v(4)?
-3
Let s = -12 - -44. Let x(o) = 14*o + 17*o - 4 - s*o + 0. Determine x(7).
-11
Let v(a) be the first derivative of -a**3 - 11*a**2/2 + 5*a + 5006. What is v(-4)?
1
Let v(n) = n**2 - 7*n - 6. Let o = 770 + -749. Let r be 40/35*o/3. Determine v(r).
2
Let p(c) = -9*c**2 - 3*c + 1. Let n be p(-3). Let g = -68 - n. Let r(k) = g*k - 4*k + 88 - 91. Calculate r(3).
-6
Let b(n) = -n**2 - 2*n - 1. Let d be b(8). Let c = d - -85. Let v(x) be the third derivative of -5*x**4/24 + x**3/6 - 7*x**2. What is v(c)?
-19
Let t(i) = -i - 2. Let w(j) = -2*j**2 + 22*j - 7. Let d be w(10). Suppose -d*c - 172 = 192. Let z be 3/2 - (-98)/c. Determine t(z).
0
Let b(t) = -2 - 11*t + 0 - 2 + 0. Determine b(0).
-4
Let h(t) = -259*t + 8. Let j(f) = 86*f + 1. Let q(u) = h(u) + 3*j(u). Determine q(2).
9
Suppose -7*t + 4*t = -2*y + 26, 3*t = 0. Let o(d) = 14*d - 14*d + 3 - y*d + 14*d. Give o(-11).
-8
Let m(d) = 3*d**2 - d - 1. Let s(h) = -h - 1. Let q(r) = -m(r) + 3*s(r). Suppose -3*c + 133 - 43 = 0. Suppose -4*u = b + 7, 5*u = 31*b - c*b - 11. Give q(u).
-10
Let p(u) be the first derivative of 173 + 1/3*u**3 - 2*u + 3*u**2. Let b be 14/(-3) - (-1)/(-3). Determine p(b).
-7
Let n = -31620 - -31615. Let k(a) = 0*a - a**3 - 8 - 4*a**2 + 3*a + 2. Give k(n).
4
Let y(x) be the first derivative of -4*x**2 - 9*x + 3451. Give y(3).
-33
Suppose -3*p + 5*d - 4 = 7, 4*d - 2 = -p. Let t(q) = 2*q + 12*q**3 + 2257*q**2 - 14*q**3 - 2257*q**2 + 35 - 36. Give t(p).
11
Suppose -4*a - x + 7 = a, 8 = 4*a + 2*x. Let g(b) be the first derivative of 14*b**2 + 74. Determine g(a).
28
Let k(b) be the second derivative of b**5/20 - b**4/4 + b**3/3 + b**2/2 - b + 40. Suppose -8*a + 24 = -0*a. Give k(a).
7
Suppose 4*l - 2*l = 4. Suppose 0*a = 2*z - 4*a - 8, -l*z - a + 3 = 0. Let y(n) = -50*n**2 - 3 + 2 + n + 52*n**z. What is y(1)?
2
Suppose 0*s - n + 26 = 3*s, 3*s = 5*n + 14. Let b be (-27)/9*s/6. Let c(t) be the second derivative of t**5/20 + t**4/4 - t**3/2 - 497*t. Give c(b).
-4
Let k be ((-10)/10)/(0 - 5/(-5)). Let g(v) = v - 4*v - 1 + v. Let r be g(k). Let c(n) = 9*n**3 - 2*n + 1. Calculate c(r).
8
Suppose 0 = 2*g - 0 - 4. Let u(a) = -a. Let d(q) = -5*q**2 + 4*q - 42. Let x(w) = -d(w) - 2*u(w). Let i(b) be the first derivative of x(b). Give i(g).
18
Let q be 8/(-6) + 52/156. Let o(r) = r - r + 2 + 4*r + 3*r. Determine o(q).
-5
Let c be (2 - (31 + -33 - -2*3))/1. Let r(m) = 4*m**3 + 2*m**2 - 3*m - 4. Calculate r(c).
-22
Let v(y) = 43*y**3 - 1. Let n be v(1). Let l = -54 + 9. Let j = n + l. Let x(a) = a**3 + 3*a**2 + 2*a + 3. Give x(j).
-3
Let q(d) = 0*d**3 - 5*d + 8*d - 22*d**2 - 6*d**3 + 25*d**2 + 5*d**3. Let w(i) = -4*i**2 - 19*i + 3. Let z be w(-5). What is q(z)?
14
Let x(v) = 824627 - v**3 - 824624 + 5*v**2 + 4*v**2 - 11*v. What is x(7)?
24
Let y(f) = -f**2 + f + 25. Let t = 302 + -297. Suppose -16 = -4*q, 4*v = -3*q + 7 + t. Calculate y(v).
25
Let u = -256 + 255. Let q be (u/7)/(34/(-476)). Let d(y) be the second derivative of -y**5/20 + y**4/12 - y**3/6 + y**2/2 + 3*y. Give d(q).
-5
Let t(b) = 57*b**2 - 18*b + 9. Let c(z) = -71*z**2 + 19*z - 9. Let v(p) = -4*c(p) - 5*t(p). Give v(12).
15
Suppose -361 - 65 = -71*r. Let u(s) = -s**3 + 6*s**2 + 5*s - 1. Give u(r).
29
Suppose 19 = 5*o + 4. Suppose 4*a + 0*g - 2*g = 14, a = -o*g + 7. Let d be (1 - a)*(-1 - 0). Let w(k) = k**3 - 2*k**2 + k - 3. Calculate w(d).
9
Let s(w) be the second derivative of w**7/2520 - w**5/40 - 14*w**4/3 + 8*w - 2. Let g(i) be the third derivative of s(i). Give g(3).
6
Let g(o) = o**3 - 7*o**2 - o + 3. Suppose 4*w = 5*w - 5, -5*p = -3*w - 5. Let r be 15 - p - (-4)/6*-6. Calculate g(r).
-4
Let z(x) = 2*x**3 - x**2 + 3*x - 7. Let i = 67 + -64. Let k(h) = -3 + 3*h**i - 10 + 2*h + 6. Let a(m) = 3*k(m) - 4*z(m). Determine a(-5).
12
Let p be 12*(10/(-20) - (-5)/6). Suppose -7*g = -5*g + p. Let s be 16/20*(-5)/(g/(-2)). Let b(h) = 2*h**2 + 4*h - 5. What is b(s)?
11
Let d(j) = j**2 + 9*j + 7. Let s = 59 + -45. Suppose -2*p + 2 + 0 = b, 0 = -b - 5*p + s. Determine d(b).
-11
Let m be ((-51)/(-17))/(2/((-32)/(-6))). Suppose 3*j - 9 = i, -4*i - 5*j + m = -24. Let k(b) = b**i + b + 91 + 6*b